1. Suppose 3*n - 3 + 0 = v. What is m(n)?
6
Let z(v) = 2 - v + 1 + 3*v - 2. Suppose -1 = -a + 4*d, 3 = 3*a - 2*d - 0*d. Determine z(a).
3
Suppose 3*j + 1 + 5 = 0. Let b be j/3 - 32/6. Let s(f) = f + 2. Determine s(b).
-4
Suppose 6*o + 8 = 4*o. Let h(b) = -b**3 - 3*b**2 + 7*b + 5. Give h(o).
-7
Let d(k) = -6*k + 3*k - 2*k + k. Let s = 0 + 3. Let f be (s - 1)*1/(-2). Give d(f).
4
Let m(v) = -v**3 - 5*v**2 - 3*v + 3. Let n(h) = -2*h - 5. Let t be n(-5). Suppose 0 = -t*x - 14 - 6. Determine m(x).
-1
Let p(j) = 2*j + 2. Let u(g) = g**3 + 12*g**2 - 12*g + 10. Let k be u(-13). What is p(k)?
-4
Let k be ((-30)/(-9))/(4/66). Suppose 3*s + s + 23 = -n, -5*n = 5*s + k. Let l(v) = v**2 + 6*v. What is l(n)?
7
Let q(w) = w**2 - 7*w + 5. Let s(p) = 3*p**2 - 2*p - 1. Suppose 0 = -0*z - 3*z - 3. Let i be s(z). What is q(i)?
-7
Let b(a) = 31 - 25 - 4*a**2 - 20 + 3*a**2. Determine b(0).
-14
Let i be (-8)/44 - (-237)/33. Suppose -3*t - 3*n - 12 = -i*t, 5*t - 15 = -4*n. Let a(q) = -10 + 4*q**3 - 5*q**t - 2*q**3 + 2*q**3 - q**2. Calculate a(0).
-10
Suppose -l = o + 5, -3*o + 3*l + 2*l = 7. Let g(x) = x + 1. Give g(o).
-3
Let g(h) = h**2 - 6*h - 2. Let o(b) = -b**3 - 6*b**2 - 4*b - 2. Let v be o(-5). Let r be ((-18)/21 - 0)*v. Let f be g(r). Let p(m) = -2*m - 1. Give p(f).
3
Let f(x) = -x**3 - 8*x**2 - x - 5. Let w be f(-8). Let r(n) = w*n + 2 - 3*n - 6*n. Calculate r(2).
-10
Let h = 6 + -4. Let g be (h + -7)*(0 + -1). Let m(q) = q - 2. Determine m(g).
3
Let o be (-1)/(-4) + 49/28. Let b(q) = 2*q - 3*q - q**2 - o*q**2 + 5*q**2. Determine b(2).
6
Let d = -1 + 5. Let p(w) = d*w + 2 - w**2 - 2*w**2 + 4*w**2. Let o be (-45)/(-10)*4/(-6). Determine p(o).
-1
Let v(x) = 3*x. Let j(r) = -r + 3*r + 0*r + r**3 + 2 - 5*r**2. Let w be j(3). Let m = w - -7. Determine v(m).
-9
Let c(d) be the first derivative of d**5/60 + d**4/4 + d**3/6 - 3*d**2 - 4. Let j(g) be the second derivative of c(g). What is j(-6)?
1
Let k be (2/1)/(7/((-126)/4)). Let z(y) = -y. What is z(k)?
9
Let v(u) = -5*u**2 + u**2 + 1 + 2*u + 3*u**2. Suppose 2 = t, -3*c - 3*t + 65 = 5. Let s = c + -14. What is v(s)?
-7
Let q = -5 - -12. Suppose 4*k + q = -13, 3*k = 2*u - 11. Let j(l) = 3*l + 1. Calculate j(u).
-5
Suppose v + 2*v + 6 = 0. Let b(y) = 2*y**2 + 2*y - 2. Let x be b(v). Let l(i) = i**2 - i - 1. What is l(x)?
1
Let s(n) = -19*n - 5. Let u(p) = 9*p + 2. Let a(r) = 2*s(r) + 5*u(r). Give a(-2).
-14
Let z(q) = -6*q**3 - q**2 - q. Let w be z(-1). Let b = -3 + w. Let n(l) = 0*l**2 + b*l**3 + 3*l - 2*l**2 + 1 + 0*l**3 - 4*l**3. What is n(-3)?
1
Let n(w) = 5*w**2 + 2*w + 0*w + w**3 + 4*w + 5. Let q(s) = -s**2 + 7*s + 1. Let v be q(8). Let f = v - -3. Calculate n(f).
-3
Let q(s) = s**3 + 6*s**2 - s - 6. Let g = 4 - 10. What is q(g)?
0
Let f be 1 + -2 + (-5 - -1). Let a(v) = -v**3 - 6*v**2 - 7*v - 3. Let n(l) = 1. Let m(s) = a(s) - 2*n(s). Determine m(f).
5
Let q be (1 + (-2 - -1))/2. Suppose q = 2*d + i + 5 - 3, 2*d + 5*i + 18 = 0. Let h(a) = -a**2 - 32*a + 31*a + 5*a**2. Determine h(d).
3
Let m(x) = -x**3 - 4*x**2 - 5*x - 4. Let v(t) = -2*t - 7. Let n be v(-6). Suppose -n = 4*p + 7. Give m(p).
2
Suppose 2*u = 4*i + 8, 2*i = -2*u + 3 - 25. Let t be (u/2)/3 - -3. Let o = t - 4. Let q(w) = -4*w - 2. Give q(o).
6
Suppose -3*g - 3 = -15. Let r(a) = a**2 + a + 1. Let t(n) = 5*n**2 + 9*n + 9. Let i(y) = g*r(y) - t(y). Give i(-4).
-1
Let b(k) = -k**3 - k**2 + 4*k. Let j be b(-3). Let y(f) = f + 0*f - f - j - 2*f. What is y(-6)?
6
Let y(u) = u**3 - 4*u**2 + u + 2. Let o be (1/(-2))/(9/54). Let v be (-3 - o - -3) + -1. What is y(v)?
-4
Let w(d) = 3*d**2 + 5*d. Let t(a) = 16*a**2 + 25*a + 1. Let q(h) = -2*t(h) + 11*w(h). Let o = 6 - 10. Determine q(o).
-6
Suppose 5*h - 20 + 5 = 0. Let p(b) be the first derivative of -2*b + 3 - 4 + b**2 + 4*b - h*b. What is p(1)?
1
Suppose 0*r = -2*t - 2*r - 20, 0 = 2*t - 3*r + 15. Let p be t/(-4) + 1/(-4). Let c(o) = 2 - p + 2 + o**2 - 3*o - 2*o**2. Calculate c(-4).
-2
Suppose 0 = 3*g - 9 + 3. Let b(q) = 4*q + g*q - 4*q - 2 - q. Let m = -6 - -11. What is b(m)?
3
Let b(l) = -l**3 + 5*l**2 + 3*l - 7. Suppose i - 10 = 2*k, k + 26 = 4*i - 0*i. Let o be (i/8)/((-4)/(-16)). Suppose -o*u + 4 = -11. What is b(u)?
8
Let l(y) = y**3 - 17*y**2 + 17*y - 12. Let w be l(16). Let m(h) = -h**3 + 5*h**2 - 2*h - 4. Give m(w).
4
Let c = 31 + -27. Suppose 0 = -5*g + 4*a + 36, -4*a - 2 = -2*g + 22. Suppose 0*h + c = -g*h. Let r(t) = 3*t. Determine r(h).
-3
Let k(r) = r - 7. Let z(d) be the third derivative of d**3/6 - 2*d**2. Suppose -6*p + 8*p - 4 = 0. Let y(w) = p*z(w) + k(w). What is y(4)?
-1
Let n(o) be the third derivative of -o**5/60 - o**4/24 - 10*o**2. Calculate n(1).
-2
Let z(g) = -g. Let b(q) = -q**2 + 6*q - 8. Suppose -10 + 6 = -u. Let p be b(u). What is z(p)?
0
Let n(k) be the first derivative of k**2/2 - 8*k - 2. Let x be n(5). Let j be x*2/3 + -3. Let f(a) = -a - 4. Give f(j).
1
Let o = -1 - 1. Let a(k) = -1. Let v(y) = -1. Let s(j) = -j - 3. Let w(t) = 2*s(t) + 2*v(t). Let l(p) = o*w(p) + 18*a(p). Calculate l(2).
6
Let k(p) = -5*p + 8. Let i(v) = -3*v + 5. Let l(o) = -8*i(o) + 5*k(o). Let s = 322 - 317. Determine l(s).
-5
Let z(m) be the third derivative of 7*m**6/120 - m**5/30 + m**3/6 + m**2. Let j(b) = -b**3 - 4*b**2 + 5*b - 1. Let g be j(-5). Determine z(g).
-8
Let v(a) = -4 + 3*a - 5*a + 5*a - 4*a. What is v(-5)?
1
Let n(g) = -1 + 3*g + 7*g**2 - 2*g + 2 - g**3 - 4. What is n(7)?
4
Let z(a) = a**2 + 7*a - 1. Let d be z(-9). Let y = 11 - d. Let w(f) = 2*f + 1. Determine w(y).
-11
Let d(h) = -h**2 - 12*h + 5. Let x be d(-13). Let m(s) = 4*s + 1. Let z(w) = -13*w - 3. Let f(c) = x*m(c) - 3*z(c). Give f(-1).
-6
Let c = -35 + 38. Let v(q) = 1. Let m(b) = -b + 11. Let f(d) = -m(d) + 6*v(d). What is f(c)?
-2
Let b(k) = -10*k**2 + 19*k - 7. Let w(m) = 7*m**2 - 13*m + 5. Let i(t) = -5*b(t) - 7*w(t). Let h be 7/3 + 70/(-21) + 4. Determine i(h).
-3
Let w be -5 + 9 + 5*-1. Let r(f) = -4*f**2 - f. Give r(w).
-3
Let a(p) = -p**3 - p**2 - p. Let w be a(0). Let k(z) = -4 + w - z - 2*z - 2. Let i be ((-5)/2)/((-1)/(-2)). What is k(i)?
9
Suppose y = -3*y + 8. Let c(b) be the third derivative of -b**y + 0*b + 1/8*b**4 + 1/3*b**3 - 1/60*b**5 + 0. Calculate c(2).
4
Let w(z) = z**2 - 8*z - 1. Suppose 3*d + 5*x + 1 = -3, -4 = -4*d - 2*x. Suppose v = -3*k + 11, -2*k + 12 = v + d*k. Determine w(v).
-1
Let k = -12 - -29. Let x(q) = 4*q**2 - q**3 + 2 - 19*q + 0 + k*q + 0. What is x(4)?
-6
Let p(j) be the first derivative of j**3/3 - 2*j**2 + 4*j + 2. Let r = -6 + 11. What is p(r)?
9
Let n = -91 + 84. Let g(y) = y**3 + 7*y**2 - 3*y + 4. What is g(n)?
25
Let l(f) = f**2 - 8*f - 3. Let i be l(7). Let x be i/(-1) - (4 - 0). Let j(k) = -k + 6. What is j(x)?
0
Suppose -8 = q - 14. Let j(s) be the first derivative of -s**4/4 + 7*s**3/3 - 7*s**2/2 + 9*s + 2. Calculate j(q).
3
Let n be 6/(-9) - 20/(-3). Let h(p) = p**3 - 5*p**2 - 5*p + 2. Calculate h(n).
8
Let u(k) be the second derivative of k**4/4 + k**3/6 - k**2/2 + 6*k. Determine u(1).
3
Let c(g) = 5*g**3 - 7*g**2 + 8*g - 2. Let n(j) = 3*j**3 - 5*j**2 + 5*j - 1. Let d(z) = -5*c(z) + 8*n(z). What is d(-5)?
2
Let y(k) = 6*k**3 + 3*k + 5. Suppose 5*p - 5 = 5*s + 25, -2*s - 4*p = 0. Let q(h) = -h - 1. Let r = -1 - 0. Let t(l) = r*y(l) + s*q(l). Give t(1).
-6
Let c = 23 + -16. Let y(w) = -w + 6. Give y(c).
-1
Let h(o) = -6*o + 1. Suppose -4*x + 6*k + 63 = k, 3*x + 4*k = 24. Suppose d = 4, -r + 5*d - 32 + x = 0. Suppose -5*t + 3*t - 2 = r. Calculate h(t).
7
Let r(q) = q**3 + 7*q**2 - q - 9. Suppose -5*u + 2*d - 31 = 0, -2*u = -0*u - 5*d + 4. Determine r(u).
-2
Let h(t) = 3*t + 14. Let c be h(-5). Let z(m) = -6*m - 1. What is z(c)?
5
Let s(x) be the third derivative of 0 + 1/24*x**4 - 2/3*x**3 + 0*x + 1/60*x**5 - 2*x**2. Let g be s(0). Let p(u) = u + 4. Calculate p(g).
0
Suppose -2*c + 7 = -3. Let x(i) = -9*i**3 - 8*i**3 - 3*i**2 - 5*i + 4 + 24*i**3 - c*i**3. Calculate x(3).
16
Let z(w) = w - 3. Let m(u) = -2*u + 6. Let b(y) = 3*m(y) + 7*z(y). Suppose 0 = -6*p + 3*p + 12. Suppose -36 = -5*f + p*o, -4*f + 12 = -0*o + o. Give b(f).
1
Let b(d) = -10*d - 1. Let i(q) = q**2 + 16*q + 26. Let l be i(-14). Give b(l).
19
Let z(q) be the second derivative of -1/20*q**5 + 0 + 1/6*q**3 - 1/12*q**4 + q**2 + 4*q. What is z(2)?
-8
Let k = -15 + 25. Let i = -10 + k. Let b(z) be the third de